me factors of s?
2, 3
Suppose 4*s + 0*s - 4*z = 16, 0 = 5*z + 20. Suppose 8*l - 7*l = s. Suppose -4*q - 45 + 177 = l. List the prime factors of q.
3, 11
Let h = 5218 - 5380. Suppose -213 = -3*p - 0*p. Let n = p - h. What are the prime factors of n?
233
Let r be (17 + 0)*(-32)/(-4). Let b = -289 + 206. Let i = b + r. What are the prime factors of i?
53
Let s be (-67)/(-13) + (-2)/13. Suppose -s = -8*q + 3. What are the prime factors of (q + 0)/(4/268)?
67
Let w be ((64/6)/4)/(4/6). Suppose 0 = w*q + 5*k - 521 + 83, -3*k + 442 = 4*q. What are the prime factors of q?
2, 7
Suppose -73*c + 32457 = -69*c - l, 5*l = -2*c + 16223. What are the prime factors of c?
2, 4057
Suppose 32*m - 185*m - 720122 = -2635070. What are the prime factors of m?
2, 3, 7, 149
Let d(g) = -3*g**2 - 32*g + 1. Let h be d(7). Let j = h - -667. What are the prime factors of j?
3, 11
Suppose 2*c - 31 = 9. Suppose -165*a - 1157 = -152*a. List the prime factors of 20/c - (a + 1).
89
Suppose 3*v + 5*v - 48 = 0. Suppose j + v = -5*w, -4*j - 5*w = -2*j - 3. Suppose -69 + j = -4*g. What are the prime factors of g?
3, 5
Suppose -5*j - 8*p = -9*p - 8163, -5*p = 15. Let w = j - 853. What are the prime factors of w?
19, 41
Let s = 1538 + 2134. What are the prime factors of s?
2, 3, 17
Let l(o) = 3*o**2 + 3*o + 3. Let v be l(-1). Suppose -4932 = -v*a - a. List the prime factors of a.
3, 137
Suppose 36893 = 3*j + 11*d - 15712, 0 = 3*j - 2*d - 52644. List the prime factors of j.
2, 31, 283
Let z be 6/(-27) - (-388)/(-36). Let p be 188/36 - (-1 + z/(-9)). Suppose 0 = p*l - 97 - 103. List the prime factors of l.
2, 5
Let u(z) = -2*z**3 - 3*z**2 + 2*z - 5. Let a be u(-3). Let t be 2 + a/(-4) - -2. Suppose -5*o + 4*o + 120 = t. What are the prime factors of o?
2, 3, 5
Let x(l) = -6*l**2 - 21 - 4*l**2 + 7*l + 7*l**2 + 2*l**3 + 0*l**2 + 4*l**2. List the prime factors of x(4).
151
Suppose 95*c - 34*c - 1696056 = -75*c. What are the prime factors of c?
3, 4157
Let l be (-8)/68 - (-20590)/170. Let q = 745 - l. List the prime factors of q.
2, 3, 13
Suppose 31*h - 10*h - 63 = 0. Suppose -3*a = h + 6, 2*j - 69 = -5*a. What are the prime factors of j?
2, 3, 7
What are the prime factors of 8 - (-150996 - -22)/19?
2, 41, 97
Let i = 2072 + -1487. What are the prime factors of i?
3, 5, 13
Let w = 557 + 1639. List the prime factors of w.
2, 3, 61
Suppose -5968*t + 5945*t + 615595 = 0. List the prime factors of t.
5, 53, 101
Suppose 412 = 78*l - 74*l. Let k = -207 + 353. Let b = k - l. What are the prime factors of b?
43
Let d = -11525 - -17086. What are the prime factors of d?
67, 83
Let x be 8743/(-15) - 2/15. Let z be x/(-2) + (-2)/4 + -1. Suppose -102 = -4*t + z. What are the prime factors of t?
2, 7
Let k(f) = 20*f**2 + 10*f + 412. List the prime factors of k(-27).
2, 17, 433
Suppose -f = 3*z - 3 + 10, 5*f - 4*z = -35. Let g be -2*(-248)/28 + (-2)/f. What are the prime factors of (-2)/(-1)*27/g?
3
Let c(h) = -h**2 + 18*h + 45. Let v be c(20). Suppose 0 = -v*a + 327 + 173. List the prime factors of a.
2, 5
Let m = 15 - 2. Suppose 0 = m*p - 10*p. Suppose 8*v - 12*v + 124 = p. List the prime factors of v.
31
Let q = 50197 - 10294. What are the prime factors of q?
3, 47, 283
Let a(l) be the first derivative of -30*l**2 + 7*l - 29. Let i be a(-6). Suppose 2*x - i = 5*n, 0 = -3*x - x + 4*n + 716. What are the prime factors of x?
2, 11
Let z = 11856 + -9067. List the prime factors of z.
2789
Suppose 1950*g = 1952*g - 23236. What are the prime factors of g?
2, 37, 157
Let g = 665 + -635. Suppose -g*p + 7380 = -24*p. What are the prime factors of p?
2, 3, 5, 41
Let c(x) be the first derivative of 13*x**2/2 + 5*x + 11. Let g be c(5). Suppose 3*l - 200 = g. List the prime factors of l.
2, 3, 5
Suppose 4*l = 8286 + 9234. List the prime factors of l.
2, 3, 5, 73
Let t(c) = 4*c**3 + 15*c**2 - 11*c - 22. What are the prime factors of t(17)?
2, 3, 1321
Let d(f) = -179*f**3 + 3*f**2 + 2*f - 1. Let r be d(-2). Let v = r + -767. List the prime factors of v.
2, 3, 7
Suppose 3*o + 4077 + 4147 = -5*i, -5*o = -4*i + 13682. Let t = -1718 - o. What are the prime factors of t?
2, 3, 5, 17
Suppose -3*z - 4 = -4*r, 7*r - 2*r - 32 = -3*z. Suppose 3*w - 63 = -d - 3*d, -2*w + r*d = -22. Let g = w + 10. What are the prime factors of g?
3
Let i(d) = 14*d**3 - d**2 - 5*d - 3. Suppose 0 = 16*p - 18 - 14. List the prime factors of i(p).
5, 19
Let k = 76 - 58. Let c be 5674/18 + (0 - 4/k). Suppose 43*h - c = 40*h. List the prime factors of h.
3, 5, 7
Suppose -114 = 5*n - 4059. What are the prime factors of n?
3, 263
Let x be 6/(-20) - 517/110. Let g(p) = -5*p**3 - 7*p**2 + 12*p + 9. What are the prime factors of g(x)?
3, 7, 19
Suppose -3*x + 7*x = 5*t - 247471, -3*t + 148467 = -5*x. What are the prime factors of t?
49499
Suppose -13 = 7*m + 15. Let p(u) = 9*u + 18. Let d(b) = -19*b - 37. Let i(w) = m*d(w) - 7*p(w). What are the prime factors of i(5)?
3, 29
Let l(h) = 2*h**3 - 3*h**2 - 2*h + 3. Let s be l(2). Suppose s = 7*q - 32. Suppose q*z - w - 411 - 79 = 0, 4*z - 3*w - 403 = 0. List the prime factors of z.
97
Suppose -76944 = -5*k - 4*v, 66*v - 64*v = 6*k - 92360. List the prime factors of k.
2, 13, 37
Let n(y) be the third derivative of y**6/120 - 7*y**5/60 - 25*y**4/24 + 5*y**3/6 - 15*y**2. Let i be n(11). Let z = i + -146. What are the prime factors of z?
2, 17
Let q(g) = -41*g - 1. Let t be q(-1). Suppose 19 = 109*z - 99*z - 111. Suppose 0 = z*r - 17*r + t. List the prime factors of r.
2, 5
Let j(y) = 38 - 104*y**3 + 211*y**3 - 13*y**2 + 11*y - 106*y**3. What are the prime factors of j(15)?
653
List the prime factors of 18/27 + 112936/12.
2, 13, 181
Suppose 0 = -118*u - 10*u + 5424333 + 1120179. List the prime factors of u.
3, 13, 19, 23
Suppose 96591 = 5*g + 3*f, 5*g - 5*f = 30531 + 66004. List the prime factors of g.
2, 3, 29, 37
Suppose 3*i - 1288 = 5111. List the prime factors of i.
3, 79
Let w be ((-22)/(-8))/11 + (-638)/(-8). Let n = w - 78. Suppose 4*y = 4*l + 68, n*y - 4*l + l = 29. What are the prime factors of y?
2, 11
Suppose -13*g - 108826 = -5*c - 12*g, 0 = c + 2*g - 21774. Suppose -22*d + 2500 + c = 0. List the prime factors of d.
1103
List the prime factors of (-191)/((-66)/154*3/9).
7, 191
Let a(k) = k**2 + 3*k - 3. Let h be a(-5). Suppose -6*o - h*o = -3939. What are the prime factors of o?
3, 101
Suppose 215*f - 210*f - 26898 = 2*i, i + 21519 = 4*f. What are the prime factors of f?
2, 5, 269
Let d be 37*2 + 1 - (7 - 6). Suppose 4*h + d = 94. Suppose -740 = -5*o + 3*w, -h = 5*o - 5*w - 745. What are the prime factors of o?
2, 37
Let m(q) = -q**3 + 12*q**2 - 2*q + 26. Let h be m(12). Suppose h*p - 8 = -0. Suppose 0 = i + p*z - 100, -2*i + z = -0*i - 155. What are the prime factors of i?
2, 5
Let j be (-647)/2 + 1 + (-6)/4. Let r = j - 80. What are the prime factors of (r/8 + 1)*-2?
3, 11
Suppose 5*b + 180*i - 16022 = 183*i, 4*b = i + 12819. What are the prime factors of b?
5, 641
Suppose -7*i = 17830 - 136186. What are the prime factors of i?
2, 3, 1409
Let u = 353 + -349. Suppose u*c - 1892 = 3*y - 327, -5*c - 4*y + 1995 = 0. What are the prime factors of c?
5, 79
Let z = 31705 - 24099. List the prime factors of z.
2, 3803
Let l(q) = -8*q**2 + 35 + 23*q**2 - q**3 + 0*q + 7*q. List the prime factors of l(15).
2, 5, 7
Let d(w) = -5388*w + 18. Let p be d(2). What are the prime factors of (-2)/(-5) + (p/(-30) - -9)?
2, 23
List the prime factors of 21/((-19)/(14155/(-15))).
7, 149
Let z = 64 - 55. What are the prime factors of ((-18)/(-5)*-8)/(z/(-30))?
2, 3
Let w be 4 + (229 - (-4 - -1)). Let c = w - 131. List the prime factors of c.
3, 5, 7
Let n be (2 + -3)*(0 - (2 - 1)). Let r be (n/1 - -2)*(-126)/6. Let d = 118 - r. What are the prime factors of d?
181
What are the prime factors of 1 - 5 - (-3741 - -28)?
3709
Let c(y) = -3*y**2 + 13*y - 27. Let q(w) = 2*w**2 - 13*w + 27. Let t(k) = -5*c(k) - 6*q(k). What are the prime factors of t(-12)?
3, 83
Let f = -61 + 101. Suppose g = 3*r + f + 509, g - 5*r = 543. List the prime factors of g.
2, 3, 31
Let f = 537 + -118. Let l = 921 - f. What are the prime factors of l?
2, 251
Suppose -b + 4*b - 15 = 0. Suppose -4*r + b + 11 = 0. Suppose 0 = q, 0*n - 260 = -r*n + q. List the prime factors of n.
5, 13
Suppose 2*x - 4*q = -5 - 1, 0 = -5*x - 3*q + 37. Suppose -3*p + 4 = 4*d,